{"id":36047,"date":"2026-04-24T17:13:07","date_gmt":"2026-04-24T17:13:07","guid":{"rendered":"https:\/\/elu.com.tn\/?post_type=product&#038;p=36047"},"modified":"2026-04-26T17:47:43","modified_gmt":"2026-04-26T17:47:43","slug":"robe-de-plage-boheme-en-dentelle-avec-details-colores","status":"publish","type":"product","link":"https:\/\/elu.com.tn\/index.php\/produit\/robe-de-plage-boheme-en-dentelle-avec-details-colores\/","title":{"rendered":"Robe de plage boh\u00e8me en dentelle avec d\u00e9tails color\u00e9s"},"content":{"rendered":"<p>Apportez une touche boh\u00e8me et \u00e9l\u00e9gante \u00e0 vos journ\u00e9es ensoleill\u00e9es avec cette magnifique robe de plage en dentelle. L\u00e9g\u00e8re et fluide, elle se distingue par ses motifs crochet\u00e9s multicolores qui ajoutent du caract\u00e8re et de la fra\u00eecheur \u00e0 votre look. Parfaite \u00e0 enfiler par-dessus un maillot de bain, cette tenue allie confort et style pour vos moments au bord de la piscine ou \u00e0 la plage.<\/p>\n","protected":false},"excerpt":{"rendered":"<p>Apportez une touche boh\u00e8me et \u00e9l\u00e9gante \u00e0 vos journ\u00e9es ensoleill\u00e9es avec cette magnifique robe de plage en dentelle. L\u00e9g\u00e8re et<\/p>\n","protected":false},"featured_media":36050,"comment_status":"open","ping_status":"closed","template":"","meta":[],"product_brand":[],"product_cat":[222],"product_tag":[],"class_list":{"0":"post-36047","1":"product","2":"type-product","3":"status-publish","4":"has-post-thumbnail","6":"product_cat-tenues-de-plage","8":"first","9":"instock","10":"shipping-taxable","11":"purchasable","12":"product-type-variable","13":"has-default-attributes"},"yoast_head":"<!-- This site is optimized with the Yoast SEO Premium plugin v25.1 (Yoast SEO v27.4) - https:\/\/yoast.com\/product\/yoast-seo-premium-wordpress\/ -->\n<title>Robe de plage boh\u00e8me en dentelle avec d\u00e9tails color\u00e9s - Elu<\/title>\n<meta name=\"robots\" content=\"index, follow, max-snippet:-1, max-image-preview:large, max-video-preview:-1\" \/>\n<link rel=\"canonical\" href=\"https:\/\/elu.com.tn\/index.php\/produit\/robe-de-plage-boheme-en-dentelle-avec-details-colores\/\" \/>\n<meta property=\"og:locale\" content=\"fr_FR\" \/>\n<meta property=\"og:type\" content=\"article\" \/>\n<meta property=\"og:title\" content=\"Robe de plage boh\u00e8me en dentelle avec d\u00e9tails color\u00e9s\" \/>\n<meta property=\"og:description\" content=\"Apportez une touche boh\u00e8me et \u00e9l\u00e9gante \u00e0 vos journ\u00e9es ensoleill\u00e9es avec cette magnifique robe de plage en dentelle. L\u00e9g\u00e8re et\" \/>\n<meta property=\"og:url\" content=\"https:\/\/elu.com.tn\/index.php\/produit\/robe-de-plage-boheme-en-dentelle-avec-details-colores\/\" \/>\n<meta property=\"og:site_name\" content=\"Elu\" \/>\n<meta property=\"article:publisher\" content=\"https:\/\/www.facebook.com\/ELU.PRET.A.PORTER.ET.ACCESSOIRES\/?locale=fr_FR\" \/>\n<meta property=\"article:modified_time\" content=\"2026-04-26T17:47:43+00:00\" \/>\n<meta property=\"og:image\" content=\"https:\/\/elu.com.tn\/wp-content\/uploads\/2026\/04\/DSC04099.jpg\" \/>\n\t<meta property=\"og:image:width\" content=\"1371\" \/>\n\t<meta property=\"og:image:height\" content=\"1920\" \/>\n\t<meta property=\"og:image:type\" content=\"image\/jpeg\" \/>\n<meta name=\"twitter:card\" content=\"summary_large_image\" \/>\n<meta name=\"twitter:label1\" content=\"Disponibilit\u00e9\" \/>\n\t<meta name=\"twitter:data1\" content=\"En stock\" \/>\n<script type=\"application\/ld+json\" class=\"yoast-schema-graph\">{\"@context\":\"https:\\\/\\\/schema.org\",\"@graph\":[{\"@type\":\"WebPage\",\"@id\":\"https:\\\/\\\/elu.com.tn\\\/index.php\\\/produit\\\/robe-de-plage-boheme-en-dentelle-avec-details-colores\\\/\",\"url\":\"https:\\\/\\\/elu.com.tn\\\/index.php\\\/produit\\\/robe-de-plage-boheme-en-dentelle-avec-details-colores\\\/\",\"name\":\"Robe de plage boh\u00e8me en dentelle avec d\u00e9tails color\u00e9s - Elu\",\"isPartOf\":{\"@id\":\"https:\\\/\\\/elu.com.tn\\\/#website\"},\"primaryImageOfPage\":{\"@id\":\"https:\\\/\\\/elu.com.tn\\\/index.php\\\/produit\\\/robe-de-plage-boheme-en-dentelle-avec-details-colores\\\/#primaryimage\"},\"image\":{\"@id\":\"https:\\\/\\\/elu.com.tn\\\/index.php\\\/produit\\\/robe-de-plage-boheme-en-dentelle-avec-details-colores\\\/#primaryimage\"},\"thumbnailUrl\":\"https:\\\/\\\/elu.com.tn\\\/wp-content\\\/uploads\\\/2026\\\/04\\\/DSC04099.jpg\",\"datePublished\":\"2026-04-24T17:13:07+00:00\",\"dateModified\":\"2026-04-26T17:47:43+00:00\",\"breadcrumb\":{\"@id\":\"https:\\\/\\\/elu.com.tn\\\/index.php\\\/produit\\\/robe-de-plage-boheme-en-dentelle-avec-details-colores\\\/#breadcrumb\"},\"inLanguage\":\"fr-FR\",\"potentialAction\":[{\"@type\":\"ReadAction\",\"target\":[\"https:\\\/\\\/elu.com.tn\\\/index.php\\\/produit\\\/robe-de-plage-boheme-en-dentelle-avec-details-colores\\\/\"]}]},{\"@type\":\"ImageObject\",\"inLanguage\":\"fr-FR\",\"@id\":\"https:\\\/\\\/elu.com.tn\\\/index.php\\\/produit\\\/robe-de-plage-boheme-en-dentelle-avec-details-colores\\\/#primaryimage\",\"url\":\"https:\\\/\\\/elu.com.tn\\\/wp-content\\\/uploads\\\/2026\\\/04\\\/DSC04099.jpg\",\"contentUrl\":\"https:\\\/\\\/elu.com.tn\\\/wp-content\\\/uploads\\\/2026\\\/04\\\/DSC04099.jpg\",\"width\":1371,\"height\":1920},{\"@type\":\"BreadcrumbList\",\"@id\":\"https:\\\/\\\/elu.com.tn\\\/index.php\\\/produit\\\/robe-de-plage-boheme-en-dentelle-avec-details-colores\\\/#breadcrumb\",\"itemListElement\":[{\"@type\":\"ListItem\",\"position\":1,\"name\":\"Accueil\",\"item\":\"https:\\\/\\\/elu.com.tn\\\/\"},{\"@type\":\"ListItem\",\"position\":2,\"name\":\"Boutique\",\"item\":\"https:\\\/\\\/elu.com.tn\\\/index.php\\\/shop\\\/\"},{\"@type\":\"ListItem\",\"position\":3,\"name\":\"Robe de plage boh\u00e8me en dentelle avec d\u00e9tails color\u00e9s\"}]},{\"@type\":\"WebSite\",\"@id\":\"https:\\\/\\\/elu.com.tn\\\/#website\",\"url\":\"https:\\\/\\\/elu.com.tn\\\/\",\"name\":\"Elu\",\"description\":\"\",\"publisher\":{\"@id\":\"https:\\\/\\\/elu.com.tn\\\/#organization\"},\"potentialAction\":[{\"@type\":\"SearchAction\",\"target\":{\"@type\":\"EntryPoint\",\"urlTemplate\":\"https:\\\/\\\/elu.com.tn\\\/?s={search_term_string}\"},\"query-input\":{\"@type\":\"PropertyValueSpecification\",\"valueRequired\":true,\"valueName\":\"search_term_string\"}}],\"inLanguage\":\"fr-FR\"},{\"@type\":[\"Organization\",\"Place\"],\"@id\":\"https:\\\/\\\/elu.com.tn\\\/#organization\",\"name\":\"Elu\",\"url\":\"https:\\\/\\\/elu.com.tn\\\/\",\"logo\":{\"@type\":\"ImageObject\",\"inLanguage\":\"fr-FR\",\"@id\":\"https:\\\/\\\/elu.com.tn\\\/#\\\/schema\\\/logo\\\/image\\\/\",\"url\":\"https:\\\/\\\/elu.com.tn\\\/wp-content\\\/uploads\\\/2024\\\/12\\\/1-stores_default.png\",\"contentUrl\":\"https:\\\/\\\/elu.com.tn\\\/wp-content\\\/uploads\\\/2024\\\/12\\\/1-stores_default.png\",\"width\":170,\"height\":115,\"caption\":\"Elu\"},\"image\":{\"@id\":\"https:\\\/\\\/elu.com.tn\\\/#\\\/schema\\\/logo\\\/image\\\/\"},\"sameAs\":[\"https:\\\/\\\/www.facebook.com\\\/ELU.PRET.A.PORTER.ET.ACCESSOIRES\\\/?locale=fr_FR\",\"https:\\\/\\\/www.instagram.com\\\/elu_insta\\\/?hl=fr\"],\"mainEntityOfPage\":{\"@id\":\"https:\\\/\\\/elu.com.tn\\\/index.php\\\/produit\\\/robe-de-plage-boheme-en-dentelle-avec-details-colores\\\/\"}}]}<\/script>\n<meta property=\"og:availability\" content=\"instock\" \/>\n<meta property=\"product:availability\" content=\"instock\" \/>\n<meta property=\"product:retailer_item_id\" content=\"ROF7225\" \/>\n<meta property=\"product:condition\" content=\"new\" \/>\n<meta name=\"geo.placename\" content=\"sousse\" \/>\n<meta name=\"geo.position\" content=\"35.831322690284125;10.633209332900613\" \/>\n<meta name=\"geo.region\" content=\"Tunisie\" \/>\n<!-- \/ Yoast SEO Premium plugin. -->","yoast_head_json":{"title":"Robe de plage boh\u00e8me en dentelle avec d\u00e9tails color\u00e9s - Elu","robots":{"index":"index","follow":"follow","max-snippet":"max-snippet:-1","max-image-preview":"max-image-preview:large","max-video-preview":"max-video-preview:-1"},"canonical":"https:\/\/elu.com.tn\/index.php\/produit\/robe-de-plage-boheme-en-dentelle-avec-details-colores\/","og_locale":"fr_FR","og_type":"article","og_title":"Robe de plage boh\u00e8me en dentelle avec d\u00e9tails color\u00e9s","og_description":"Apportez une touche boh\u00e8me et \u00e9l\u00e9gante \u00e0 vos journ\u00e9es ensoleill\u00e9es avec cette magnifique robe de plage en dentelle. L\u00e9g\u00e8re et","og_url":"https:\/\/elu.com.tn\/index.php\/produit\/robe-de-plage-boheme-en-dentelle-avec-details-colores\/","og_site_name":"Elu","article_publisher":"https:\/\/www.facebook.com\/ELU.PRET.A.PORTER.ET.ACCESSOIRES\/?locale=fr_FR","article_modified_time":"2026-04-26T17:47:43+00:00","og_image":[{"width":1371,"height":1920,"url":"https:\/\/elu.com.tn\/wp-content\/uploads\/2026\/04\/DSC04099.jpg","type":"image\/jpeg"}],"twitter_card":"summary_large_image","twitter_misc":{"Disponibilit\u00e9":"En stock"},"schema":{"@context":"https:\/\/schema.org","@graph":[{"@type":"WebPage","@id":"https:\/\/elu.com.tn\/index.php\/produit\/robe-de-plage-boheme-en-dentelle-avec-details-colores\/","url":"https:\/\/elu.com.tn\/index.php\/produit\/robe-de-plage-boheme-en-dentelle-avec-details-colores\/","name":"Robe de plage boh\u00e8me en dentelle avec d\u00e9tails color\u00e9s - Elu","isPartOf":{"@id":"https:\/\/elu.com.tn\/#website"},"primaryImageOfPage":{"@id":"https:\/\/elu.com.tn\/index.php\/produit\/robe-de-plage-boheme-en-dentelle-avec-details-colores\/#primaryimage"},"image":{"@id":"https:\/\/elu.com.tn\/index.php\/produit\/robe-de-plage-boheme-en-dentelle-avec-details-colores\/#primaryimage"},"thumbnailUrl":"https:\/\/elu.com.tn\/wp-content\/uploads\/2026\/04\/DSC04099.jpg","datePublished":"2026-04-24T17:13:07+00:00","dateModified":"2026-04-26T17:47:43+00:00","breadcrumb":{"@id":"https:\/\/elu.com.tn\/index.php\/produit\/robe-de-plage-boheme-en-dentelle-avec-details-colores\/#breadcrumb"},"inLanguage":"fr-FR","potentialAction":[{"@type":"ReadAction","target":["https:\/\/elu.com.tn\/index.php\/produit\/robe-de-plage-boheme-en-dentelle-avec-details-colores\/"]}]},{"@type":"ImageObject","inLanguage":"fr-FR","@id":"https:\/\/elu.com.tn\/index.php\/produit\/robe-de-plage-boheme-en-dentelle-avec-details-colores\/#primaryimage","url":"https:\/\/elu.com.tn\/wp-content\/uploads\/2026\/04\/DSC04099.jpg","contentUrl":"https:\/\/elu.com.tn\/wp-content\/uploads\/2026\/04\/DSC04099.jpg","width":1371,"height":1920},{"@type":"BreadcrumbList","@id":"https:\/\/elu.com.tn\/index.php\/produit\/robe-de-plage-boheme-en-dentelle-avec-details-colores\/#breadcrumb","itemListElement":[{"@type":"ListItem","position":1,"name":"Accueil","item":"https:\/\/elu.com.tn\/"},{"@type":"ListItem","position":2,"name":"Boutique","item":"https:\/\/elu.com.tn\/index.php\/shop\/"},{"@type":"ListItem","position":3,"name":"Robe de plage boh\u00e8me en dentelle avec d\u00e9tails color\u00e9s"}]},{"@type":"WebSite","@id":"https:\/\/elu.com.tn\/#website","url":"https:\/\/elu.com.tn\/","name":"Elu","description":"","publisher":{"@id":"https:\/\/elu.com.tn\/#organization"},"potentialAction":[{"@type":"SearchAction","target":{"@type":"EntryPoint","urlTemplate":"https:\/\/elu.com.tn\/?s={search_term_string}"},"query-input":{"@type":"PropertyValueSpecification","valueRequired":true,"valueName":"search_term_string"}}],"inLanguage":"fr-FR"},{"@type":["Organization","Place"],"@id":"https:\/\/elu.com.tn\/#organization","name":"Elu","url":"https:\/\/elu.com.tn\/","logo":{"@type":"ImageObject","inLanguage":"fr-FR","@id":"https:\/\/elu.com.tn\/#\/schema\/logo\/image\/","url":"https:\/\/elu.com.tn\/wp-content\/uploads\/2024\/12\/1-stores_default.png","contentUrl":"https:\/\/elu.com.tn\/wp-content\/uploads\/2024\/12\/1-stores_default.png","width":170,"height":115,"caption":"Elu"},"image":{"@id":"https:\/\/elu.com.tn\/#\/schema\/logo\/image\/"},"sameAs":["https:\/\/www.facebook.com\/ELU.PRET.A.PORTER.ET.ACCESSOIRES\/?locale=fr_FR","https:\/\/www.instagram.com\/elu_insta\/?hl=fr"],"mainEntityOfPage":{"@id":"https:\/\/elu.com.tn\/index.php\/produit\/robe-de-plage-boheme-en-dentelle-avec-details-colores\/"}}]},"og_availability":"instock","product_availability":"instock","product_retailer_item_id":"ROF7225","product_condition":"new","geo.placename":"sousse","geo.position":{"lat":"35.831322690284125","long":"10.633209332900613"},"geo.region":"Tunisie"},"jetpack_sharing_enabled":true,"_links":{"self":[{"href":"https:\/\/elu.com.tn\/index.php\/wp-json\/wp\/v2\/product\/36047","targetHints":{"allow":["GET"]}}],"collection":[{"href":"https:\/\/elu.com.tn\/index.php\/wp-json\/wp\/v2\/product"}],"about":[{"href":"https:\/\/elu.com.tn\/index.php\/wp-json\/wp\/v2\/types\/product"}],"replies":[{"embeddable":true,"href":"https:\/\/elu.com.tn\/index.php\/wp-json\/wp\/v2\/comments?post=36047"}],"version-history":[{"count":1,"href":"https:\/\/elu.com.tn\/index.php\/wp-json\/wp\/v2\/product\/36047\/revisions"}],"predecessor-version":[{"id":36057,"href":"https:\/\/elu.com.tn\/index.php\/wp-json\/wp\/v2\/product\/36047\/revisions\/36057"}],"wp:featuredmedia":[{"embeddable":true,"href":"https:\/\/elu.com.tn\/index.php\/wp-json\/wp\/v2\/media\/36050"}],"wp:attachment":[{"href":"https:\/\/elu.com.tn\/index.php\/wp-json\/wp\/v2\/media?parent=36047"}],"wp:term":[{"taxonomy":"product_brand","embeddable":true,"href":"https:\/\/elu.com.tn\/index.php\/wp-json\/wp\/v2\/product_brand?post=36047"},{"taxonomy":"product_cat","embeddable":true,"href":"https:\/\/elu.com.tn\/index.php\/wp-json\/wp\/v2\/product_cat?post=36047"},{"taxonomy":"product_tag","embeddable":true,"href":"https:\/\/elu.com.tn\/index.php\/wp-json\/wp\/v2\/product_tag?post=36047"}],"curies":[{"name":"wp","href":"https:\/\/api.w.org\/{rel}","templated":true}]}}

Robe de plage bohème en dentelle avec détails colorés

<p>Apportez une touche bohème et élégante à vos journées ensoleillées avec cette magnifique robe de plage en dentelle. Légère et fluide, elle se distingue par ses motifs crochetés multicolores qui ajoutent du caractère et de la fraîcheur à votre look. Parfaite à enfiler par-dessus un maillot de bain, cette tenue allie confort et style pour vos moments au bord de la piscine ou à la plage.</p>

<p>Apportez une touche bohème et élégante à vos journées ensoleillées avec cette magnifique robe de plage en dentelle. Légère et</p>

<!-- This site is optimized with the Yoast SEO Premium plugin v25.1 (Yoast SEO v27.4) - https://yoast.com/product/yoast-seo-premium-wordpress/ -->
<title>Robe de plage bohème en dentelle avec détails colorés - Elu</title>
<meta name="robots" content="index, follow, max-snippet:-1, max-image-preview:large, max-video-preview:-1" />
<link rel="canonical" href="https://elu.com.tn/index.php/produit/robe-de-plage-boheme-en-dentelle-avec-details-colores/" />
<meta property="og:locale" content="fr_FR" />
<meta property="og:type" content="article" />
<meta property="og:title" content="Robe de plage bohème en dentelle avec détails colorés" />
<meta property="og:description" content="Apportez une touche bohème et élégante à vos journées ensoleillées avec cette magnifique robe de plage en dentelle. Légère et" />
<meta property="og:url" content="https://elu.com.tn/index.php/produit/robe-de-plage-boheme-en-dentelle-avec-details-colores/" />
<meta property="og:site_name" content="Elu" />
<meta property="article:publisher" content="https://www.facebook.com/ELU.PRET.A.PORTER.ET.ACCESSOIRES/?locale=fr_FR" />
<meta property="article:modified_time" content="2026-04-26T17:47:43+00:00" />
<meta property="og:image" content="https://elu.com.tn/wp-content/uploads/2026/04/DSC04099.jpg" />
	<meta property="og:image:width" content="1371" />
	<meta property="og:image:height" content="1920" />
	<meta property="og:image:type" content="image/jpeg" />
<meta name="twitter:card" content="summary_large_image" />
<meta name="twitter:label1" content="Disponibilité" />
	<meta name="twitter:data1" content="En stock" />
<script type="application/ld+json" class="yoast-schema-graph">{"@context":"https:\/\/schema.org","@graph":[{"@type":"WebPage","@id":"https:\/\/elu.com.tn\/index.php\/produit\/robe-de-plage-boheme-en-dentelle-avec-details-colores\/","url":"https:\/\/elu.com.tn\/index.php\/produit\/robe-de-plage-boheme-en-dentelle-avec-details-colores\/","name":"Robe de plage bohème en dentelle avec détails colorés - Elu","isPartOf":{"@id":"https:\/\/elu.com.tn\/#website"},"primaryImageOfPage":{"@id":"https:\/\/elu.com.tn\/index.php\/produit\/robe-de-plage-boheme-en-dentelle-avec-details-colores\/#primaryimage"},"image":{"@id":"https:\/\/elu.com.tn\/index.php\/produit\/robe-de-plage-boheme-en-dentelle-avec-details-colores\/#primaryimage"},"thumbnailUrl":"https:\/\/elu.com.tn\/wp-content\/uploads\/2026\/04\/DSC04099.jpg","datePublished":"2026-04-24T17:13:07+00:00","dateModified":"2026-04-26T17:47:43+00:00","breadcrumb":{"@id":"https:\/\/elu.com.tn\/index.php\/produit\/robe-de-plage-boheme-en-dentelle-avec-details-colores\/#breadcrumb"},"inLanguage":"fr-FR","potentialAction":[{"@type":"ReadAction","target":["https:\/\/elu.com.tn\/index.php\/produit\/robe-de-plage-boheme-en-dentelle-avec-details-colores\/"]}]},{"@type":"ImageObject","inLanguage":"fr-FR","@id":"https:\/\/elu.com.tn\/index.php\/produit\/robe-de-plage-boheme-en-dentelle-avec-details-colores\/#primaryimage","url":"https:\/\/elu.com.tn\/wp-content\/uploads\/2026\/04\/DSC04099.jpg","contentUrl":"https:\/\/elu.com.tn\/wp-content\/uploads\/2026\/04\/DSC04099.jpg","width":1371,"height":1920},{"@type":"BreadcrumbList","@id":"https:\/\/elu.com.tn\/index.php\/produit\/robe-de-plage-boheme-en-dentelle-avec-details-colores\/#breadcrumb","itemListElement":[{"@type":"ListItem","position":1,"name":"Accueil","item":"https:\/\/elu.com.tn\/"},{"@type":"ListItem","position":2,"name":"Boutique","item":"https:\/\/elu.com.tn\/index.php\/shop\/"},{"@type":"ListItem","position":3,"name":"Robe de plage bohème en dentelle avec détails colorés"}]},{"@type":"WebSite","@id":"https:\/\/elu.com.tn\/#website","url":"https:\/\/elu.com.tn\/","name":"Elu","description":"","publisher":{"@id":"https:\/\/elu.com.tn\/#organization"},"potentialAction":[{"@type":"SearchAction","target":{"@type":"EntryPoint","urlTemplate":"https:\/\/elu.com.tn\/?s={search_term_string}"},"query-input":{"@type":"PropertyValueSpecification","valueRequired":true,"valueName":"search_term_string"}}],"inLanguage":"fr-FR"},{"@type":["Organization","Place"],"@id":"https:\/\/elu.com.tn\/#organization","name":"Elu","url":"https:\/\/elu.com.tn\/","logo":{"@type":"ImageObject","inLanguage":"fr-FR","@id":"https:\/\/elu.com.tn\/#\/schema\/logo\/image\/","url":"https:\/\/elu.com.tn\/wp-content\/uploads\/2024\/12\/1-stores_default.png","contentUrl":"https:\/\/elu.com.tn\/wp-content\/uploads\/2024\/12\/1-stores_default.png","width":170,"height":115,"caption":"Elu"},"image":{"@id":"https:\/\/elu.com.tn\/#\/schema\/logo\/image\/"},"sameAs":["https:\/\/www.facebook.com\/ELU.PRET.A.PORTER.ET.ACCESSOIRES\/?locale=fr_FR","https:\/\/www.instagram.com\/elu_insta\/?hl=fr"],"mainEntityOfPage":{"@id":"https:\/\/elu.com.tn\/index.php\/produit\/robe-de-plage-boheme-en-dentelle-avec-details-colores\/"}}]}</script>
<meta property="og:availability" content="instock" />
<meta property="product:availability" content="instock" />
<meta property="product:retailer_item_id" content="ROF7225" />
<meta property="product:condition" content="new" />
<meta name="geo.placename" content="sousse" />
<meta name="geo.position" content="35.831322690284125;10.633209332900613" />
<meta name="geo.region" content="Tunisie" />
<!-- / Yoast SEO Premium plugin. -->

Robe de plage bohème en dentelle avec détails colorés - Elu

Apportez une touche bohème et élégante à vos journées ensoleillées avec cette magnifique robe de plage en dentelle. Légère et
