{"id":36264,"date":"2026-05-01T17:48:06","date_gmt":"2026-05-01T17:48:06","guid":{"rendered":"https:\/\/elu.com.tn\/?post_type=product&#038;p=36264"},"modified":"2026-05-01T17:48:07","modified_gmt":"2026-05-01T17:48:07","slug":"mini-ventilateur-portable-design-fraicheur-instantanee-partout","status":"publish","type":"product","link":"https:\/\/elu.com.tn\/index.php\/produit\/mini-ventilateur-portable-design-fraicheur-instantanee-partout\/","title":{"rendered":"Mini ventilateur portable design \u2013 fra\u00eecheur instantan\u00e9e partout"},"content":{"rendered":"<p>Compact, l\u00e9ger et ultra pratique, ce mini ventilateur portable est l\u2019alli\u00e9 id\u00e9al pour rester au frais en toute circonstance. Avec son design moderne aux couleurs vives, il allie style et efficacit\u00e9. Facile \u00e0 tenir en main, il se glisse ais\u00e9ment dans un sac pour vous accompagner \u00e0 la plage, en voyage ou au quotidien.<\/p>\n","protected":false},"excerpt":{"rendered":"<p>Compact, l\u00e9ger et ultra pratique, ce mini ventilateur portable est l\u2019alli\u00e9 id\u00e9al pour rester au frais en toute circonstance. Avec<\/p>\n","protected":false},"featured_media":36266,"comment_status":"open","ping_status":"closed","template":"","meta":[],"product_brand":[],"product_cat":[227],"product_tag":[],"class_list":{"0":"post-36264","1":"product","2":"type-product","3":"status-publish","4":"has-post-thumbnail","6":"product_cat-ventilateur","8":"first","9":"instock","10":"shipping-taxable","11":"purchasable","12":"product-type-variable","13":"has-default-attributes"},"yoast_head":"<!-- This site is optimized with the Yoast SEO Premium plugin v25.1 (Yoast SEO v27.4) - https:\/\/yoast.com\/product\/yoast-seo-premium-wordpress\/ -->\n<title>Mini ventilateur portable design \u2013 fra\u00eecheur instantan\u00e9e partout - Elu<\/title>\n<meta name=\"robots\" content=\"index, follow, max-snippet:-1, max-image-preview:large, max-video-preview:-1\" \/>\n<link rel=\"canonical\" href=\"https:\/\/elu.com.tn\/index.php\/produit\/mini-ventilateur-portable-design-fraicheur-instantanee-partout\/\" \/>\n<meta property=\"og:locale\" content=\"fr_FR\" \/>\n<meta property=\"og:type\" content=\"article\" \/>\n<meta property=\"og:title\" content=\"Mini ventilateur portable design \u2013 fra\u00eecheur instantan\u00e9e partout\" \/>\n<meta property=\"og:description\" content=\"Compact, l\u00e9ger et ultra pratique, ce mini ventilateur portable est l\u2019alli\u00e9 id\u00e9al pour rester au frais en toute circonstance. Avec\" \/>\n<meta property=\"og:url\" content=\"https:\/\/elu.com.tn\/index.php\/produit\/mini-ventilateur-portable-design-fraicheur-instantanee-partout\/\" \/>\n<meta property=\"og:site_name\" content=\"Elu\" \/>\n<meta property=\"article:publisher\" content=\"https:\/\/www.facebook.com\/ELU.PRET.A.PORTER.ET.ACCESSOIRES\/?locale=fr_FR\" \/>\n<meta property=\"article:modified_time\" content=\"2026-05-01T17:48:07+00:00\" \/>\n<meta property=\"og:image\" content=\"https:\/\/elu.com.tn\/wp-content\/uploads\/2026\/05\/DSC05162.jpg\" \/>\n\t<meta property=\"og:image:width\" content=\"1280\" \/>\n\t<meta property=\"og:image:height\" content=\"1920\" \/>\n\t<meta property=\"og:image:type\" content=\"image\/jpeg\" \/>\n<meta name=\"twitter:card\" content=\"summary_large_image\" \/>\n<meta name=\"twitter:label1\" content=\"Disponibilit\u00e9\" \/>\n\t<meta name=\"twitter:data1\" content=\"En stock\" \/>\n<script type=\"application\/ld+json\" class=\"yoast-schema-graph\">{\"@context\":\"https:\\\/\\\/schema.org\",\"@graph\":[{\"@type\":\"WebPage\",\"@id\":\"https:\\\/\\\/elu.com.tn\\\/index.php\\\/produit\\\/mini-ventilateur-portable-design-fraicheur-instantanee-partout\\\/\",\"url\":\"https:\\\/\\\/elu.com.tn\\\/index.php\\\/produit\\\/mini-ventilateur-portable-design-fraicheur-instantanee-partout\\\/\",\"name\":\"Mini ventilateur portable design \u2013 fra\u00eecheur instantan\u00e9e partout - Elu\",\"isPartOf\":{\"@id\":\"https:\\\/\\\/elu.com.tn\\\/#website\"},\"primaryImageOfPage\":{\"@id\":\"https:\\\/\\\/elu.com.tn\\\/index.php\\\/produit\\\/mini-ventilateur-portable-design-fraicheur-instantanee-partout\\\/#primaryimage\"},\"image\":{\"@id\":\"https:\\\/\\\/elu.com.tn\\\/index.php\\\/produit\\\/mini-ventilateur-portable-design-fraicheur-instantanee-partout\\\/#primaryimage\"},\"thumbnailUrl\":\"https:\\\/\\\/elu.com.tn\\\/wp-content\\\/uploads\\\/2026\\\/05\\\/DSC05162.jpg\",\"datePublished\":\"2026-05-01T17:48:06+00:00\",\"dateModified\":\"2026-05-01T17:48:07+00:00\",\"breadcrumb\":{\"@id\":\"https:\\\/\\\/elu.com.tn\\\/index.php\\\/produit\\\/mini-ventilateur-portable-design-fraicheur-instantanee-partout\\\/#breadcrumb\"},\"inLanguage\":\"fr-FR\",\"potentialAction\":[{\"@type\":\"ReadAction\",\"target\":[\"https:\\\/\\\/elu.com.tn\\\/index.php\\\/produit\\\/mini-ventilateur-portable-design-fraicheur-instantanee-partout\\\/\"]}]},{\"@type\":\"ImageObject\",\"inLanguage\":\"fr-FR\",\"@id\":\"https:\\\/\\\/elu.com.tn\\\/index.php\\\/produit\\\/mini-ventilateur-portable-design-fraicheur-instantanee-partout\\\/#primaryimage\",\"url\":\"https:\\\/\\\/elu.com.tn\\\/wp-content\\\/uploads\\\/2026\\\/05\\\/DSC05162.jpg\",\"contentUrl\":\"https:\\\/\\\/elu.com.tn\\\/wp-content\\\/uploads\\\/2026\\\/05\\\/DSC05162.jpg\",\"width\":1280,\"height\":1920},{\"@type\":\"BreadcrumbList\",\"@id\":\"https:\\\/\\\/elu.com.tn\\\/index.php\\\/produit\\\/mini-ventilateur-portable-design-fraicheur-instantanee-partout\\\/#breadcrumb\",\"itemListElement\":[{\"@type\":\"ListItem\",\"position\":1,\"name\":\"Accueil\",\"item\":\"https:\\\/\\\/elu.com.tn\\\/\"},{\"@type\":\"ListItem\",\"position\":2,\"name\":\"Boutique\",\"item\":\"https:\\\/\\\/elu.com.tn\\\/index.php\\\/shop\\\/\"},{\"@type\":\"ListItem\",\"position\":3,\"name\":\"Mini ventilateur portable design \u2013 fra\u00eecheur instantan\u00e9e partout\"}]},{\"@type\":\"WebSite\",\"@id\":\"https:\\\/\\\/elu.com.tn\\\/#website\",\"url\":\"https:\\\/\\\/elu.com.tn\\\/\",\"name\":\"Elu\",\"description\":\"\",\"publisher\":{\"@id\":\"https:\\\/\\\/elu.com.tn\\\/#organization\"},\"potentialAction\":[{\"@type\":\"SearchAction\",\"target\":{\"@type\":\"EntryPoint\",\"urlTemplate\":\"https:\\\/\\\/elu.com.tn\\\/?s={search_term_string}\"},\"query-input\":{\"@type\":\"PropertyValueSpecification\",\"valueRequired\":true,\"valueName\":\"search_term_string\"}}],\"inLanguage\":\"fr-FR\"},{\"@type\":[\"Organization\",\"Place\"],\"@id\":\"https:\\\/\\\/elu.com.tn\\\/#organization\",\"name\":\"Elu\",\"url\":\"https:\\\/\\\/elu.com.tn\\\/\",\"logo\":{\"@type\":\"ImageObject\",\"inLanguage\":\"fr-FR\",\"@id\":\"https:\\\/\\\/elu.com.tn\\\/#\\\/schema\\\/logo\\\/image\\\/\",\"url\":\"https:\\\/\\\/elu.com.tn\\\/wp-content\\\/uploads\\\/2024\\\/12\\\/1-stores_default.png\",\"contentUrl\":\"https:\\\/\\\/elu.com.tn\\\/wp-content\\\/uploads\\\/2024\\\/12\\\/1-stores_default.png\",\"width\":170,\"height\":115,\"caption\":\"Elu\"},\"image\":{\"@id\":\"https:\\\/\\\/elu.com.tn\\\/#\\\/schema\\\/logo\\\/image\\\/\"},\"sameAs\":[\"https:\\\/\\\/www.facebook.com\\\/ELU.PRET.A.PORTER.ET.ACCESSOIRES\\\/?locale=fr_FR\",\"https:\\\/\\\/www.instagram.com\\\/elu_insta\\\/?hl=fr\"],\"mainEntityOfPage\":{\"@id\":\"https:\\\/\\\/elu.com.tn\\\/index.php\\\/produit\\\/mini-ventilateur-portable-design-fraicheur-instantanee-partout\\\/\"}}]}<\/script>\n<meta property=\"og:availability\" content=\"instock\" \/>\n<meta property=\"product:availability\" content=\"instock\" \/>\n<meta property=\"product:retailer_item_id\" content=\"ACVP\" \/>\n<meta property=\"product:condition\" content=\"new\" \/>\n<meta name=\"geo.placename\" content=\"sousse\" \/>\n<meta name=\"geo.position\" content=\"35.831322690284125;10.633209332900613\" \/>\n<meta name=\"geo.region\" content=\"Tunisie\" \/>\n<!-- \/ Yoast SEO Premium plugin. -->","yoast_head_json":{"title":"Mini ventilateur portable design \u2013 fra\u00eecheur instantan\u00e9e partout - Elu","robots":{"index":"index","follow":"follow","max-snippet":"max-snippet:-1","max-image-preview":"max-image-preview:large","max-video-preview":"max-video-preview:-1"},"canonical":"https:\/\/elu.com.tn\/index.php\/produit\/mini-ventilateur-portable-design-fraicheur-instantanee-partout\/","og_locale":"fr_FR","og_type":"article","og_title":"Mini ventilateur portable design \u2013 fra\u00eecheur instantan\u00e9e partout","og_description":"Compact, l\u00e9ger et ultra pratique, ce mini ventilateur portable est l\u2019alli\u00e9 id\u00e9al pour rester au frais en toute circonstance. Avec","og_url":"https:\/\/elu.com.tn\/index.php\/produit\/mini-ventilateur-portable-design-fraicheur-instantanee-partout\/","og_site_name":"Elu","article_publisher":"https:\/\/www.facebook.com\/ELU.PRET.A.PORTER.ET.ACCESSOIRES\/?locale=fr_FR","article_modified_time":"2026-05-01T17:48:07+00:00","og_image":[{"width":1280,"height":1920,"url":"https:\/\/elu.com.tn\/wp-content\/uploads\/2026\/05\/DSC05162.jpg","type":"image\/jpeg"}],"twitter_card":"summary_large_image","twitter_misc":{"Disponibilit\u00e9":"En stock"},"schema":{"@context":"https:\/\/schema.org","@graph":[{"@type":"WebPage","@id":"https:\/\/elu.com.tn\/index.php\/produit\/mini-ventilateur-portable-design-fraicheur-instantanee-partout\/","url":"https:\/\/elu.com.tn\/index.php\/produit\/mini-ventilateur-portable-design-fraicheur-instantanee-partout\/","name":"Mini ventilateur portable design \u2013 fra\u00eecheur instantan\u00e9e partout - Elu","isPartOf":{"@id":"https:\/\/elu.com.tn\/#website"},"primaryImageOfPage":{"@id":"https:\/\/elu.com.tn\/index.php\/produit\/mini-ventilateur-portable-design-fraicheur-instantanee-partout\/#primaryimage"},"image":{"@id":"https:\/\/elu.com.tn\/index.php\/produit\/mini-ventilateur-portable-design-fraicheur-instantanee-partout\/#primaryimage"},"thumbnailUrl":"https:\/\/elu.com.tn\/wp-content\/uploads\/2026\/05\/DSC05162.jpg","datePublished":"2026-05-01T17:48:06+00:00","dateModified":"2026-05-01T17:48:07+00:00","breadcrumb":{"@id":"https:\/\/elu.com.tn\/index.php\/produit\/mini-ventilateur-portable-design-fraicheur-instantanee-partout\/#breadcrumb"},"inLanguage":"fr-FR","potentialAction":[{"@type":"ReadAction","target":["https:\/\/elu.com.tn\/index.php\/produit\/mini-ventilateur-portable-design-fraicheur-instantanee-partout\/"]}]},{"@type":"ImageObject","inLanguage":"fr-FR","@id":"https:\/\/elu.com.tn\/index.php\/produit\/mini-ventilateur-portable-design-fraicheur-instantanee-partout\/#primaryimage","url":"https:\/\/elu.com.tn\/wp-content\/uploads\/2026\/05\/DSC05162.jpg","contentUrl":"https:\/\/elu.com.tn\/wp-content\/uploads\/2026\/05\/DSC05162.jpg","width":1280,"height":1920},{"@type":"BreadcrumbList","@id":"https:\/\/elu.com.tn\/index.php\/produit\/mini-ventilateur-portable-design-fraicheur-instantanee-partout\/#breadcrumb","itemListElement":[{"@type":"ListItem","position":1,"name":"Accueil","item":"https:\/\/elu.com.tn\/"},{"@type":"ListItem","position":2,"name":"Boutique","item":"https:\/\/elu.com.tn\/index.php\/shop\/"},{"@type":"ListItem","position":3,"name":"Mini ventilateur portable design \u2013 fra\u00eecheur instantan\u00e9e partout"}]},{"@type":"WebSite","@id":"https:\/\/elu.com.tn\/#website","url":"https:\/\/elu.com.tn\/","name":"Elu","description":"","publisher":{"@id":"https:\/\/elu.com.tn\/#organization"},"potentialAction":[{"@type":"SearchAction","target":{"@type":"EntryPoint","urlTemplate":"https:\/\/elu.com.tn\/?s={search_term_string}"},"query-input":{"@type":"PropertyValueSpecification","valueRequired":true,"valueName":"search_term_string"}}],"inLanguage":"fr-FR"},{"@type":["Organization","Place"],"@id":"https:\/\/elu.com.tn\/#organization","name":"Elu","url":"https:\/\/elu.com.tn\/","logo":{"@type":"ImageObject","inLanguage":"fr-FR","@id":"https:\/\/elu.com.tn\/#\/schema\/logo\/image\/","url":"https:\/\/elu.com.tn\/wp-content\/uploads\/2024\/12\/1-stores_default.png","contentUrl":"https:\/\/elu.com.tn\/wp-content\/uploads\/2024\/12\/1-stores_default.png","width":170,"height":115,"caption":"Elu"},"image":{"@id":"https:\/\/elu.com.tn\/#\/schema\/logo\/image\/"},"sameAs":["https:\/\/www.facebook.com\/ELU.PRET.A.PORTER.ET.ACCESSOIRES\/?locale=fr_FR","https:\/\/www.instagram.com\/elu_insta\/?hl=fr"],"mainEntityOfPage":{"@id":"https:\/\/elu.com.tn\/index.php\/produit\/mini-ventilateur-portable-design-fraicheur-instantanee-partout\/"}}]},"og_availability":"instock","product_availability":"instock","product_retailer_item_id":"ACVP","product_condition":"new","geo.placename":"sousse","geo.position":{"lat":"35.831322690284125","long":"10.633209332900613"},"geo.region":"Tunisie"},"jetpack_sharing_enabled":true,"_links":{"self":[{"href":"https:\/\/elu.com.tn\/index.php\/wp-json\/wp\/v2\/product\/36264","targetHints":{"allow":["GET"]}}],"collection":[{"href":"https:\/\/elu.com.tn\/index.php\/wp-json\/wp\/v2\/product"}],"about":[{"href":"https:\/\/elu.com.tn\/index.php\/wp-json\/wp\/v2\/types\/product"}],"replies":[{"embeddable":true,"href":"https:\/\/elu.com.tn\/index.php\/wp-json\/wp\/v2\/comments?post=36264"}],"version-history":[{"count":1,"href":"https:\/\/elu.com.tn\/index.php\/wp-json\/wp\/v2\/product\/36264\/revisions"}],"predecessor-version":[{"id":36272,"href":"https:\/\/elu.com.tn\/index.php\/wp-json\/wp\/v2\/product\/36264\/revisions\/36272"}],"wp:featuredmedia":[{"embeddable":true,"href":"https:\/\/elu.com.tn\/index.php\/wp-json\/wp\/v2\/media\/36266"}],"wp:attachment":[{"href":"https:\/\/elu.com.tn\/index.php\/wp-json\/wp\/v2\/media?parent=36264"}],"wp:term":[{"taxonomy":"product_brand","embeddable":true,"href":"https:\/\/elu.com.tn\/index.php\/wp-json\/wp\/v2\/product_brand?post=36264"},{"taxonomy":"product_cat","embeddable":true,"href":"https:\/\/elu.com.tn\/index.php\/wp-json\/wp\/v2\/product_cat?post=36264"},{"taxonomy":"product_tag","embeddable":true,"href":"https:\/\/elu.com.tn\/index.php\/wp-json\/wp\/v2\/product_tag?post=36264"}],"curies":[{"name":"wp","href":"https:\/\/api.w.org\/{rel}","templated":true}]}}

Mini ventilateur portable design – fraîcheur instantanée partout

<p>Compact, léger et ultra pratique, ce mini ventilateur portable est l’allié idéal pour rester au frais en toute circonstance. Avec son design moderne aux couleurs vives, il allie style et efficacité. Facile à tenir en main, il se glisse aisément dans un sac pour vous accompagner à la plage, en voyage ou au quotidien.</p>

<p>Compact, léger et ultra pratique, ce mini ventilateur portable est l’allié idéal pour rester au frais en toute circonstance. Avec</p>

<!-- This site is optimized with the Yoast SEO Premium plugin v25.1 (Yoast SEO v27.4) - https://yoast.com/product/yoast-seo-premium-wordpress/ -->
<title>Mini ventilateur portable design – fraîcheur instantanée partout - Elu</title>
<meta name="robots" content="index, follow, max-snippet:-1, max-image-preview:large, max-video-preview:-1" />
<link rel="canonical" href="https://elu.com.tn/index.php/produit/mini-ventilateur-portable-design-fraicheur-instantanee-partout/" />
<meta property="og:locale" content="fr_FR" />
<meta property="og:type" content="article" />
<meta property="og:title" content="Mini ventilateur portable design – fraîcheur instantanée partout" />
<meta property="og:description" content="Compact, léger et ultra pratique, ce mini ventilateur portable est l’allié idéal pour rester au frais en toute circonstance. Avec" />
<meta property="og:url" content="https://elu.com.tn/index.php/produit/mini-ventilateur-portable-design-fraicheur-instantanee-partout/" />
<meta property="og:site_name" content="Elu" />
<meta property="article:publisher" content="https://www.facebook.com/ELU.PRET.A.PORTER.ET.ACCESSOIRES/?locale=fr_FR" />
<meta property="article:modified_time" content="2026-05-01T17:48:07+00:00" />
<meta property="og:image" content="https://elu.com.tn/wp-content/uploads/2026/05/DSC05162.jpg" />
	<meta property="og:image:width" content="1280" />
	<meta property="og:image:height" content="1920" />
	<meta property="og:image:type" content="image/jpeg" />
<meta name="twitter:card" content="summary_large_image" />
<meta name="twitter:label1" content="Disponibilité" />
	<meta name="twitter:data1" content="En stock" />
<script type="application/ld+json" class="yoast-schema-graph">{"@context":"https:\/\/schema.org","@graph":[{"@type":"WebPage","@id":"https:\/\/elu.com.tn\/index.php\/produit\/mini-ventilateur-portable-design-fraicheur-instantanee-partout\/","url":"https:\/\/elu.com.tn\/index.php\/produit\/mini-ventilateur-portable-design-fraicheur-instantanee-partout\/","name":"Mini ventilateur portable design – fraîcheur instantanée partout - Elu","isPartOf":{"@id":"https:\/\/elu.com.tn\/#website"},"primaryImageOfPage":{"@id":"https:\/\/elu.com.tn\/index.php\/produit\/mini-ventilateur-portable-design-fraicheur-instantanee-partout\/#primaryimage"},"image":{"@id":"https:\/\/elu.com.tn\/index.php\/produit\/mini-ventilateur-portable-design-fraicheur-instantanee-partout\/#primaryimage"},"thumbnailUrl":"https:\/\/elu.com.tn\/wp-content\/uploads\/2026\/05\/DSC05162.jpg","datePublished":"2026-05-01T17:48:06+00:00","dateModified":"2026-05-01T17:48:07+00:00","breadcrumb":{"@id":"https:\/\/elu.com.tn\/index.php\/produit\/mini-ventilateur-portable-design-fraicheur-instantanee-partout\/#breadcrumb"},"inLanguage":"fr-FR","potentialAction":[{"@type":"ReadAction","target":["https:\/\/elu.com.tn\/index.php\/produit\/mini-ventilateur-portable-design-fraicheur-instantanee-partout\/"]}]},{"@type":"ImageObject","inLanguage":"fr-FR","@id":"https:\/\/elu.com.tn\/index.php\/produit\/mini-ventilateur-portable-design-fraicheur-instantanee-partout\/#primaryimage","url":"https:\/\/elu.com.tn\/wp-content\/uploads\/2026\/05\/DSC05162.jpg","contentUrl":"https:\/\/elu.com.tn\/wp-content\/uploads\/2026\/05\/DSC05162.jpg","width":1280,"height":1920},{"@type":"BreadcrumbList","@id":"https:\/\/elu.com.tn\/index.php\/produit\/mini-ventilateur-portable-design-fraicheur-instantanee-partout\/#breadcrumb","itemListElement":[{"@type":"ListItem","position":1,"name":"Accueil","item":"https:\/\/elu.com.tn\/"},{"@type":"ListItem","position":2,"name":"Boutique","item":"https:\/\/elu.com.tn\/index.php\/shop\/"},{"@type":"ListItem","position":3,"name":"Mini ventilateur portable design – fraîcheur instantanée partout"}]},{"@type":"WebSite","@id":"https:\/\/elu.com.tn\/#website","url":"https:\/\/elu.com.tn\/","name":"Elu","description":"","publisher":{"@id":"https:\/\/elu.com.tn\/#organization"},"potentialAction":[{"@type":"SearchAction","target":{"@type":"EntryPoint","urlTemplate":"https:\/\/elu.com.tn\/?s={search_term_string}"},"query-input":{"@type":"PropertyValueSpecification","valueRequired":true,"valueName":"search_term_string"}}],"inLanguage":"fr-FR"},{"@type":["Organization","Place"],"@id":"https:\/\/elu.com.tn\/#organization","name":"Elu","url":"https:\/\/elu.com.tn\/","logo":{"@type":"ImageObject","inLanguage":"fr-FR","@id":"https:\/\/elu.com.tn\/#\/schema\/logo\/image\/","url":"https:\/\/elu.com.tn\/wp-content\/uploads\/2024\/12\/1-stores_default.png","contentUrl":"https:\/\/elu.com.tn\/wp-content\/uploads\/2024\/12\/1-stores_default.png","width":170,"height":115,"caption":"Elu"},"image":{"@id":"https:\/\/elu.com.tn\/#\/schema\/logo\/image\/"},"sameAs":["https:\/\/www.facebook.com\/ELU.PRET.A.PORTER.ET.ACCESSOIRES\/?locale=fr_FR","https:\/\/www.instagram.com\/elu_insta\/?hl=fr"],"mainEntityOfPage":{"@id":"https:\/\/elu.com.tn\/index.php\/produit\/mini-ventilateur-portable-design-fraicheur-instantanee-partout\/"}}]}</script>
<meta property="og:availability" content="instock" />
<meta property="product:availability" content="instock" />
<meta property="product:retailer_item_id" content="ACVP" />
<meta property="product:condition" content="new" />
<meta name="geo.placename" content="sousse" />
<meta name="geo.position" content="35.831322690284125;10.633209332900613" />
<meta name="geo.region" content="Tunisie" />
<!-- / Yoast SEO Premium plugin. -->

Mini ventilateur portable design – fraîcheur instantanée partout - Elu

Compact, léger et ultra pratique, ce mini ventilateur portable est l’allié idéal pour rester au frais en toute circonstance. Avec
